+ 74. List the prime factors of a(-35).
1019
Let d(f) = f**3 + 4*f**2 - 2*f - 8. Let v be d(-4). What are the prime factors of (-1 + v)/(-3 + (-1068)/(-357))?
7, 17
Let m be (((-360)/4)/(-9))/2. Suppose -s = -m*f - 2206 + 9110, 4*s = f - 1377. List the prime factors of f.
1381
Let z(s) = -158*s**3 + 14*s**2 + 38*s + 29. List the prime factors of z(-5).
127, 157
Let p = -18 + 6. Let b be (-5 + 2)/(3 - p/(-8)). List the prime factors of (18 - 5) + (-3)/(b + 3).
2, 5
Let s = 418 + -232. Suppose 3*c + 2*u - 246 = 0, 3*c + u - s = 63. What are the prime factors of c?
2, 3, 7
Let i be ((-8)/(-6))/(8/450). Suppose 8*x = i + 4965. List the prime factors of x.
2, 3, 5, 7
Let k(q) = 40*q + 5*q**2 - 6 - 54*q + 4*q**3 - 2*q**2. What are the prime factors of k(7)?
5, 283
Let h be (-33)/44 - 321/4. Let b = h - -170. Suppose -p + 5*p - 145 = y, b = 2*p + 5*y. What are the prime factors of p?
37
Suppose -12*o - 46 = -35*o. List the prime factors of o*3/(-2)*(-300)/12.
3, 5
Suppose -3*a + 21 = -5*p, 3*p + 0 = -a - 7. What are the prime factors of (526*(p - -4))/(1 - -1)?
263
Suppose 0 = 5*k + i - 23, k - i = -3 + 4. Suppose -4*o + r = -1063, -k*o + 4*r + 1059 = -r. Suppose 0 = 6*u - 88 - o. List the prime factors of u.
59
Let m = 9279 - 5796. Suppose 5*n + 3*j = m, -11*j + 1386 = 2*n - 8*j. List the prime factors of n.
3, 233
Suppose 21*d - 24*d - 3799 = -i, -3*d = i - 3775. What are the prime factors of i?
7, 541
Let t = 43805 + -28475. List the prime factors of t.
2, 3, 5, 7, 73
Let n(t) = 2*t**3 - 2*t**2 + 7*t - 1. Suppose -3*j - 2*k + 3*k = -9, j = -2*k + 10. What are the prime factors of n(j)?
3, 41
Let g = -121553 - -200214. List the prime factors of g.
11, 7151
Let t = 2157 + 1407. Suppose -t + 344 = -14*h. What are the prime factors of h?
2, 5, 23
Let i = 11 + -8. Let o be 4 + 3/i + -1. Suppose w + 205 = 3*c - 142, 476 = o*c + 2*w. What are the prime factors of c?
3, 13
Let y = -2058 - -3122. What are the prime factors of y?
2, 7, 19
Suppose 2*b - 4*b + 5*c - 25 = 0, 5*b - 2*c = -10. Let y(h) = 84 + 0*h - 3*h + b*h + h. What are the prime factors of y(0)?
2, 3, 7
Let n(h) = -h**3 + h**2 - 11 + 10*h**3 + 13. Let u(m) = -m + 13. Let i be u(11). What are the prime factors of n(i)?
2, 3, 13
Suppose -2*c + 596 = -3*k, -k = -4*c - 0*k + 1202. Suppose -2*z - 5 + 3 = 0, -4*r + 5*z + c = 0. List the prime factors of r.
2, 37
Let u(m) = 2*m**2 + 28*m + 60. List the prime factors of u(-33).
2, 3, 73
Let y = 4784 - 258. What are the prime factors of y?
2, 31, 73
Let p(q) be the third derivative of -101*q**4/24 - 5*q**3/6 + 24*q**2 - 1. List the prime factors of p(-2).
197
Let g = -406 - -408. What are the prime factors of g/(20/6) - (-243732)/380?
2, 3, 107
Let z(n) = 2*n + 162. Let r be z(0). Suppose 2*y - r + 40 = 0. Suppose -2*v + 207 = y. What are the prime factors of v?
73
Suppose -p + 0*b = 4*b - 9, 3*p = -4*b + 19. List the prime factors of ((-150)/24 - p)*-4.
3, 5
Let y be 0*((-4)/8)/((-2)/1). What are the prime factors of 4/(-20)*y - -102?
2, 3, 17
Let a be 0 - -2 - 605/(-1). Suppose -3*h + 936 = -4*z, -3*z = -0*h + 2*h - a. Suppose -760 = -6*s + h. What are the prime factors of s?
2, 89
Let p = -576 - -598. Suppose p*z - 17457 = -z. List the prime factors of z.
3, 11, 23
Suppose -5*g - 19 = 2*c, 3*g - 8 = -4*c - 11. Suppose c*u = -0*u + 3153. What are the prime factors of u?
1051
Let n be (10*(-12)/(-360))/(1/15). Suppose 651 = -n*l + 1516. List the prime factors of l.
173
Suppose 0 = -38*h + 58645 + 179045. List the prime factors of h.
3, 5, 139
Let f(s) = -s**2 - s + 14. Let x be f(-6). Let i = 16 + x. Let y(l) = l**2 + 2*l + 54. What are the prime factors of y(i)?
2, 3
Suppose -389*v + 154 = -396*v. Let y = 6 - v. List the prime factors of y.
2, 7
Let u = -86 - -90. Suppose -29 + 10 = b + u*o, -5*o - 22 = b. What are the prime factors of (b + 2 - -4)*-175?
5, 7
Let i be 7 + (-5 - -5 - 5). Suppose -i*q + 3*g + 1876 = 0, 5*q - 15*g = -13*g + 4701. List the prime factors of q.
941
Let c = 636 + -326. Suppose 309*f + 244 = c*f. What are the prime factors of f?
2, 61
Let u be (-2)/(-2)*(4 - 4/4). Suppose u*f = 3*s - 1335, -f + 4*f - 12 = 0. What are the prime factors of s?
449
Suppose -3*c = -4*c + 965. Suppose 14*g + c = -701. Let q = 40 - g. List the prime factors of q.
3, 53
Let b = 42 + -44. Let i be 0*(-2)/b*(-2)/(-4). Suppose i = 3*q + 15, -3*u - 3 = 3*q - 0. List the prime factors of u.
2
Let u be 9827 + 4*(-6)/(-24). Suppose 7*x = -14*x + u. What are the prime factors of x?
2, 3, 13
Suppose -4*g = -9 + 25. Let z = g + 44. Let i = z - 11. What are the prime factors of i?
29
Let v = 838 - 471. Suppose 4*l - 226 = -3*w, 0 = 5*w + 2*l - 5*l - v. What are the prime factors of w?
2, 37
Suppose 0 = -3*g + 4*q - 1, 4*g + 16 = 3*q + 3. Let s(l) = -33*l - 40. Let r be s(g). Suppose 346 = 3*v - 4*j - 229, v - j = r. What are the prime factors of v?
3, 7
Let a(z) = 28*z**2 + 572*z + 307. List the prime factors of a(-41).
47, 509
Let i = 156 + -163. What are the prime factors of 3/i - (-5612)/28?
2, 5
What are the prime factors of 4292613/135 - (-3 + (-47)/(-15))?
3, 3533
Suppose 3*z - 46*w + 47*w - 134901 = 0, -3*w = 27. What are the prime factors of z?
2, 3, 5, 1499
Suppose 1 = -q, -4*p = 4*q - 24946 + 3242. List the prime factors of p.
3, 67
Let k(l) = 4*l**3 + 662*l**2 - 27*l + 1899. What are the prime factors of k(-165)?
2, 3, 563
Let h(f) be the second derivative of -f**4/12 + f**3/2 + 5*f**2/2 + 21*f. Let r be h(3). Let y(i) = 18*i + 18. List the prime factors of y(r).
2, 3
Let c be (6*-128)/(-6) - -5. What are the prime factors of 59836/c + (-10)/(-95)?
2, 3, 5
Let c = -354 - -769. Let d = c + -277. Suppose -37 = -k + d. What are the prime factors of k?
5, 7
Suppose -2*p + 3*s + 22 = -s, 3*s = -4*p - 11. Let w(h) = -165*h - 4. Let c(u) = 165*u + 5. Let b(a) = -6*c(a) - 7*w(a). What are the prime factors of b(p)?
163
List the prime factors of (-3 - -2) + (8 + -2 + -8)*-3628.
5, 1451
Suppose -4*y + 61 = 1. Suppose 5*w = -v + w - 20, 3*w = 4*v - y. Suppose v = -3*d + 503 - 83. What are the prime factors of d?
2, 5, 7
Let j(o) = 218*o - 452. List the prime factors of j(27).
2, 11, 13, 19
Let y = 35792 - 20362. List the prime factors of y.
2, 5, 1543
Suppose 0 = 88*k + 490677 - 1616461. What are the prime factors of k?
11, 1163
Let s be (1 - 1)/(-5 + 6). Suppose 4*i + 221 - 9 = s. Let c = i - -74. List the prime factors of c.
3, 7
Let w(z) = -5*z**2 + 18*z - 92. Let d be w(12). List the prime factors of (-35 - 0)/7 - d.
3, 197
Let n(k) = -35*k**2 - 213*k + 1. Let v be n(-6). Suppose 23*q - v*q - 2156 = 0. List the prime factors of q.
7, 11
Let d = -80 - -66. Let a = -16 - d. List the prime factors of (a/(-3))/(0 - (-6)/1467).
163
Let z(p) = 5*p**2 - 3*p - 193. Let y(i) = 6*i**2 - 4*i - 192. Let m(u) = 4*y(u) - 5*z(u). Let t be m(0). Let l = 399 - t. List the prime factors of l.
2, 101
Let n(z) = 1295*z - 581. What are the prime factors of n(6)?
7, 13, 79
Let h = 1059 - 965. What are the prime factors of h?
2, 47
Let b(f) = f**3 - 21*f**2 - 34*f - 50. Let s = -364 - -388. What are the prime factors of b(s)?
2, 431
What are the prime factors of 10 + (-2688)/273 + (-921057)/(-39)?
11, 19, 113
Let y be (6/4)/(5/(150/9)). Suppose 3*n + 152 + 202 = 2*h, -y*n = -5*h + 890. Suppose -g + 0*i - 4*i = -h, 5*g + i = 881. List the prime factors of g.
2, 11
Let v = 32587 - 15937. List the prime factors of v.
2, 3, 5, 37
Let c be 1365/28 + 1/(-4)*-1. Let o = -47 + c. Suppose 0 = -o*l - 2*u + 3*u + 147, u + 73 = l. What are the prime factors of l?
2, 37
Let f(q) = q**3 + q**2 - 14*q - 24. Suppose 4*j + 2*m - 46 = 0, -4*m = 3*j - 7*m - 30. List the prime factors of f(j).
2, 7, 13
Let s = -93 + 241. What are the prime factors of 2/8 - (-179931)/s?
2, 19
Suppose -4*z + y = 3291 + 965, 5341 = -5*z - 4*y. Let x = 1523 + z. List the prime factors of x.
2, 229
Let o(l) = 2*l + 7. Let u(c) = -c**3 + c**2 + c - 18. Let r be u(0). Let f = 28 + r. List the prime factors of o(f).
3
Suppose 0 = 147*g - 1703265 + 274558 - 1634185. List the prime factors of g.
2, 5209
Suppose -2*s - 329 = -351. Suppose 17*n - s*n - 1770 = 0. List the prime factors of n.
5, 59
Let p(h) be the third derivative of h**5/20 + 5*h**4/12 + h**3/3 - 8*h**2 - 7*h. Suppose 3*k + 6 = -24. List the prime factors